). What are the prime factors of -20*(-2 - t/n)?
2
Let t = -3 + 5. Suppose 2*i + 2*j = -11 + 63, 5*j = t*i - 87. List the prime factors of i.
31
Let p = 69 + -36. Suppose h = -h + 4. Suppose h*u + 6 = -5*j, 3*u - 4*j = -j + p. What are the prime factors of u?
7
Let y be -2*(1 + -10 + 3). Suppose 0 = 3*q + 5*b - 34 + 4, 0 = 4*b + y. What are the prime factors of q?
3, 5
Let z(o) = -o**3 - 22*o**2 - 2*o + 11. List the prime factors of z(-22).
5, 11
Let z = 21 - 19. Suppose -3*y + 67 = -4*a - z, y - a = 22. List the prime factors of y.
19
Suppose 2*l = 3*l, -5*i - 5*l + 150 = 0. Suppose o - 6*o - b = i, 0 = 5*o + 2*b + 30. Let t = o - -15. What are the prime factors of t?
3
Let w(k) = -15*k**3 + k**2 - k - 1. Let y be w(-2). Suppose 0*u + y = 5*u. List the prime factors of u.
5
Suppose -2*z + 3*b = -3*z - 24, -4*b = 4*z + 64. Let r = 18 + z. What are the prime factors of r?
2, 3
Let q(y) = 10*y**2 + 2*y + 2. Let n be q(3). Suppose 5*g - n = -2*h, 3 = 2*g + 3*h - 34. What are the prime factors of g?
2, 5
Let t be (-2)/8 - 20/(-16). Suppose -t - 44 = -5*r. What are the prime factors of r?
3
Let p(y) = y**2 + 3*y - 11. List the prime factors of p(6).
43
Let u(j) = -5*j**3 - 6*j**2 - 3*j + 1. List the prime factors of u(-4).
3, 79
Let w(j) = 10*j**2 - j. Let p(z) = -2*z - 5. Let g be p(-4). Suppose l + 4 = -g*l. List the prime factors of w(l).
11
Suppose 4*a = -0*a + 44. Let z = -9 - a. Let n = z - -30. What are the prime factors of n?
2, 5
Suppose -2*r = 3*k - 149, -2*k + 6*k + 198 = 3*r. List the prime factors of r.
2, 5, 7
Suppose q = -1 - 7. Let u(x) = -x**3 - 7*x**2 + 5*x - 11. List the prime factors of u(q).
13
Suppose -27*u + 138 = -21*u. List the prime factors of u.
23
Let p(o) = 3*o**2 - o - 1. Let a be p(-1). Suppose -2*n = -3*t - 23, -a*n - 6 = 2*t - 21. What are the prime factors of n?
7
Suppose 9 = o - 3. Suppose 42 = -2*m + j, m + j + 3 = -o. Let w = 32 + m. List the prime factors of w.
13
Suppose -2*n = r - 21, -2*r - n = 3*r - 132. Let k = r - 45. List the prime factors of (5/(-2))/(3/k).
3, 5
Let j(p) = -p**2 + 16*p - 3. Let h be j(7). Let b = -40 + h. What are the prime factors of b?
2, 5
Let t = 27 - 10. Suppose -2*v - 3*v = 55. Let b = t + v. List the prime factors of b.
2, 3
Let f = -27 + 47. Let n = f - 9. What are the prime factors of n?
11
Suppose 3*i - 7*i = -484. List the prime factors of i.
11
Let d = 9 - 6. Suppose -2*i = s - 230, 168 = d*s - i - 487. What are the prime factors of (-2)/9 - s/(-18)?
2, 3
Suppose k + 8 = 2*j - k, 0 = 5*j + 4*k - 29. Suppose -12 = 4*g, -2*g - g = j*q - 6. What are the prime factors of q*(16/(-3))/(-4)?
2
Let w(n) = 3*n**3 + 5*n**2 - n + 2. Let q(h) = -2*h**3 - 6*h**2 + h - 2. Let i(j) = 4*q(j) + 3*w(j). What are the prime factors of i(9)?
7
Suppose 2*q - 53 = 21. Let l = q + -26. List the prime factors of l.
11
Suppose -7*t + 9*t = 10. Suppose -2*x = -4*n + 178, 6 = n + t*x - 11. What are the prime factors of n?
2, 3, 7
Let y = -3 - -1. Let l(j) = -j**2 + 2*j + 3. Let c be l(3). What are the prime factors of (c - y/(-2))*-6?
2, 3
Suppose 4*w = 2*w + 28. What are the prime factors of w?
2, 7
Let c = -14 + 15. Let p(j) = 17*j - 1. What are the prime factors of p(c)?
2
Suppose 0 = -3*q + 302 - 83. What are the prime factors of q?
73
Suppose -5*j - 98 = -19*j. List the prime factors of j.
7
Let o(w) = -w**3 + 8. Let y = -16 - -9. Let m = 7 + y. List the prime factors of o(m).
2
Let o = 3 + -1. Let i(q) = 6*q - 2. List the prime factors of i(o).
2, 5
Let v = 7 - 5. Suppose 0 = v*p - 4*p + 8. List the prime factors of p.
2
Let s(m) = -m**3 + 9*m**2 - 8*m + 4. Let q be s(8). Suppose 4*z = x + 35, 5*z + q*x - 28 = -0*x. List the prime factors of z.
2
Let i(b) = -b - 7. Let y be i(-7). Suppose y*t + 24 = t. List the prime factors of t.
2, 3
Let b = 24 + -6. List the prime factors of b.
2, 3
Let l be (-6)/(-10) - 17/(-5). Suppose 2*d + m - 15 = -l*m, -m = d - 3. What are the prime factors of d + -1 + 3 + 2?
2
Let n(t) = -t**3 + t**2 - t - 12. Let h be n(0). List the prime factors of h/8*(-4)/1.
2, 3
Let v(h) = 2*h**2 + 8*h + 6. Let z be v(-6). Suppose q + 5*w - 53 = 0, 4*q - 113 = 3*w + z. What are the prime factors of q?
2, 19
Let d = 10 - 8. Suppose 3 + 3 = d*f. What are the prime factors of (-26)/(-6) - 1/f?
2
Let f = -36 - -75. Suppose -5*c = -4*c - f. What are the prime factors of c?
3, 13
Let s = 97 - 57. Suppose 5*u - s = 4*u. List the prime factors of u.
2, 5
Suppose 3*q + 4*u - 85 = 0, -q + 6*q - 3*u - 103 = 0. List the prime factors of q.
23
Let m(j) = -2*j - 7. What are the prime factors of m(-7)?
7
Suppose 73 - 7 = 2*c - 4*i, 3*c + 4*i - 139 = 0. What are the prime factors of c?
41
Let q(j) = -j**3 - j**2 + 5*j + 2. Let k(l) = l - 10. Let w be k(7). List the prime factors of q(w).
5
Suppose 0 = -5*w - 4*u - 11 + 276, 0 = w + 4*u - 53. List the prime factors of w.
53
List the prime factors of 174/4 - (-4)/8.
2, 11
Suppose 30 - 112 = k. Let h = -57 - k. List the prime factors of h.
5
Suppose -2*l - 4*a - 4 = 0, l + 4*a + 4 = -0. What are the prime factors of (-40)/(-2) + (-3 - l)?
17
Let r be ((-4)/(-2))/((-32)/(-720)). Suppose r = b + 2*b. What are the prime factors of b?
3, 5
Let d be 3/(-1*3)*-6. Let c = d - 3. List the prime factors of c.
3
Suppose 6 - 16 = -2*f - 4*y, -4*f = 5*y - 17. Suppose f*k = -2*k - 10, -5*r + 173 = -4*k. What are the prime factors of r?
3, 11
Let b be 3/12 + (-28)/(-16). Suppose 0 = -c - 3*j - 11, -c + 26 = 3*c - b*j. What are the prime factors of c?
2
Let u = 4 + -29. Let a be 2*(-1 - -2 - u). Suppose -5*n = -a + 7. List the prime factors of n.
3
Let s(a) = -a**3 + 2. List the prime factors of s(-2).
2, 5
Let p(k) = -k**2 - 6*k + 8. Suppose 2*a + 8 = -2. Let s(r) = r - 1. Let b be s(a). List the prime factors of p(b).
2
Let s = 3 - 1. Suppose -d - 5*w = -s*w - 22, 0 = -3*w + 15. What are the prime factors of (1*-4 - -2) + d?
5
Let w = 4 + -1. Suppose 3*t - 8 = -g, 1 = w*t + 4*g - 4. What are the prime factors of ((-18)/(0 + t))/(-2)?
3
Let q = 3 - -4. Let z = q - -3. What are the prime factors of z?
2, 5
Let z(f) = 2*f - 6. Let v be z(5). Suppose 6*m - 24 = v*m. List the prime factors of m.
2, 3
Let x(r) = -r + 5. Let o be x(5). Suppose o = 3*g - 5 - 1. What are the prime factors of g?
2
Let x(a) = a**2 - 4*a + 3. Let c be x(3). Let t be 1*6 - (c - -2). Suppose -3 = -3*o, -t*g + 11 + 19 = 2*o. List the prime factors of g.
7
Let b = 31 + -12. Suppose b = -3*d + 82. What are the prime factors of d?
3, 7
Let n(v) = -5*v**2 - 5*v - 3. Let d(z) = -3*z**2 - 3*z - 2. Let i(r) = 8*d(r) - 5*n(r). List the prime factors of i(2).
5
Let n(t) be the second derivative of t**6/720 - 7*t**5/120 + t**4/12 + 4*t. Let r(m) be the third derivative of n(m). List the prime factors of r(9).
2
Let l = -7 + 40. Suppose -5*v - 8 = -l. What are the prime factors of v?
5
Suppose 2*a = 3*i - 0*a - 131, -i + 47 = a. What are the prime factors of ((-2)/3)/((-6)/i)?
5
What are the prime factors of ((-84)/(-10))/((-26)/(-65))?
3, 7
Let o be 1/(-2) + 243/(-18). Let s = -4 - o. List the prime factors of s.
2, 5
List the prime factors of ((-2)/4)/(4/(1464/(-1))).
3, 61
Suppose -3*v + 0*v = 0. Let j = 3 + v. Suppose 4*n - 58 = -j*d - 9, -4*n + 5*d + 25 = 0. What are the prime factors of n?
2, 5
Let k be (-8)/(-52) + (-74)/(-26). Suppose 4*v = -16, -36 = -k*r + v + 40. What are the prime factors of r?
2, 3
Suppose 0 = -2*n + 4*f + 18, 0 = -0*n - 2*n - 4*f + 2. Let b = n + -3. Suppose b*m - 12 = 10. List the prime factors of m.
11
Let m = -1 - 3. Let d be m*(-2)/4 + -2. Suppose -3*k - 3*h + 3 = d, k - 4*h + 3 - 24 = 0. What are the prime factors of k?
5
Suppose 5*x - 9 = 11. Let l(m) = 2*m**2 + 5*m - 11. List the prime factors of l(x).
41
Let z = 25 - 14. Let f = z - 20. Let b = f - -16. What are the prime factors of b?
7
Suppose 0 = 2*d + s - 384, -3*s = -5*d + 547 + 391. What are the prime factors of d?
2, 5, 19
Let g = 124 + 18. What are the prime factors of g?
2, 71
Let w be 2 + -2*1 - -2. Let i be w/4*(-3 - -3). Suppose i*b = 5*b - 45. What are the prime factors of b?
3
Suppose 6*i = 2*i + 40. Let n(r) = r**2 - 13*r - 7. Let y be n(i). Let d = -18 - y. List the prime factors of d.
19
Let t be ((-261)/12)/((-1)/(-4)). Let n = -42 - t. What are the prime factors of n?
3, 5
Suppose -5*h + 237 =